w**2 + 422*w - 3. Calculate k(-27).
267
Let g(z) = 47610*z - 238058. Calculate g(5).
-8
Let x(k) = -112*k + 8541. What is x(77)?
-83
Let s(b) = -52*b**3 + 1299*b**2 + 58*b - 838. Calculate s(25).
-13
Let r(c) = c**2 + 4355*c - 755398. Calculate r(167).
-224
Let t(l) = 52*l**2 + 88*l - 41174. Give t(-29).
6
Let q(w) = -4*w**3 - 143*w**2 - 22. Give q(0).
-22
Let z(i) = 382*i**2 - 59*i - 4. Calculate z(0).
-4
Let s(y) = -y**3 - 222*y**2 + 198*y - 5571. Give s(-223).
4
Let j(t) = -1785*t - 344649. Determine j(-193).
-144
Let g(n) = 4*n**2 + 2440*n + 7299. Determine g(-3).
15
Let a(g) = 1250*g - 603736. Calculate a(483).
14
Let b(j) = 3*j**2 - 45*j - 885. Calculate b(-11).
-27
Let i(v) = -v**3 - 3*v**2 - 118*v + 348. Give i(3).
-60
Let d(m) = -3*m**2 + 12682*m - 114258. What is d(9)?
-363
Let u(r) = -8*r**2 - 1883*r - 3842. Determine u(-2).
-108
Let n(f) = 17*f**3 - 547*f**2 + 61*f - 210. Determine n(32).
-1330
Let i(o) = -749*o**2 - 35207*o - 198. What is i(-47)?
-10
Let t(d) = d**2 - 441*d + 39916. Give t(126).
226
Let w(r) = 34536*r + 518209. What is w(-15)?
169
Let w(a) = 2893*a - 60674. Give w(21).
79
Let z(m) = 2*m**3 - 420*m**2 - 379*m - 9089. Determine z(211).
-16
Let s(y) = -y**3 - 333*y**2 - 6863*y - 6549. Give s(-311).
-18
Let u(d) = -5342*d - 486112. Calculate u(-91).
10
Let j(t) = 23*t**2 - 2121*t + 547. What is j(92)?
87
Let o(j) = 41*j**3 - 536*j**2 - 1073*j + 8. Calculate o(-2).
-318
Let p(r) = 10*r**3 + 443*r**2 + 284*r + 6553. Calculate p(-44).
-135
Let j(u) = -13*u**2 + 847*u + 2547. Determine j(-3).
-111
Let j(v) = -289*v - 1452. Calculate j(-4).
-296
Let f(a) = -227*a**2 + 7716*a + 115. What is f(34)?
47
Let y(z) = 105*z**2 + 7*z + 54. What is y(-3)?
978
Let j(y) = 3*y**2 - 2378*y - 7143. Give j(-3).
18
Let j(n) = 2*n**2 - 767*n - 47234. Calculate j(-54).
16
Let i(v) = -793*v + 191178. Give i(241).
65
Let q(h) = 1313*h - 23553. Determine q(18).
81
Let g(l) = -31*l**2 + 568*l + 1713. Calculate g(-3).
-270
Let n(w) = -150*w - 1652. Give n(-10).
-152
Let u(y) = 444*y + 37982. Determine u(-85).
242
Let o(a) = 5*a**3 - 741*a**2 + 153*a - 795. Determine o(148).
-55
Let f(g) = g**3 + 29*g**2 - 3435*g + 669. Give f(-75).
-456
Let h(i) = 29*i + 1994. Determine h(-48).
602
Let u(s) = -s**3 - 354*s**2 + 11515*s - 1928. What is u(-384)?
-8
Let b(z) = -773*z**3 + 34786*z**2 - 48*z + 113. Determine b(45).
-22
Let d(s) = -2*s**3 + 277*s**2 - 426*s + 991. Calculate d(137).
-1064
Let g(c) = -80*c + 12953. Determine g(161).
73
Let t(i) = -i**3 - 88*i**2 + 102*i + 31785. What is t(-85)?
1440
Let o(b) = -2*b**3 + 2086*b**2 - 725*b + 756168. Determine o(1043).
-7
Let t(x) = x**2 + 633*x - 215103. What is t(-878)?
7
Let i(n) = -259*n + 2935. Determine i(6).
1381
Let q(z) = 3*z**3 + 89*z**2 + 697*z + 616. Calculate q(-15).
61
Let y(t) = t**3 + 10*t**2 - 87*t - 174. What is y(-15)?
6
Let w(h) = -4*h**2 + 314*h - 1135. Calculate w(74).
197
Let d(z) = -628*z**2 + 3844*z - 449. Determine d(6).
7
Let w(k) = k**2 + 1257*k - 242602. Calculate w(170).
-12
Let h(o) = -o**3 + 278*o**2 - 547*o - 1407. Give h(276).
-27
Let p(i) = -6173*i + 12313. What is p(2)?
-33
Let s(l) = 91*l**3 + 366*l**2 - 654*l - 2655. Calculate s(-4).
-7
Let m(g) = 3367530*g - 20205209. What is m(6)?
-29
Let f(x) = 157591*x + 945544. Determine f(-6).
-2
Let z(n) = 180*n**2 - 3598*n - 36. Determine z(20).
4
Let v(a) = -a**2 - 75*a + 2928. Determine v(28).
44
Let h(j) = j**2 - 7815*j - 591772. Give h(-75).
-22
Let v(w) = -1756*w + 4100. Calculate v(4).
-2924
Let s(c) = -c**3 + 7*c**2 + 72*c - 975. Determine s(-10).
5
Let g(v) = -18*v**2 + 3406*v + 247176. What is g(-56)?
-8
Let s(b) = -22971*b - 137374. Give s(-6).
452
Let o(n) = 1943*n + 25303. Determine o(-13).
44
Let r(n) = 772*n - 13397. Calculate r(14).
-2589
Let m(w) = -38*w**3 + 72*w**2 + 43*w - 81. Give m(2).
-11
Let k(z) = 4*z**3 - 49*z**2 - 23*z + 898. Determine k(11).
40
Let h(b) = -b**2 + 1435*b + 1995837. Determine h(-867).
3
Let t(j) = 78*j**2 + 15908*j - 817. What is t(-204)?
-1
Let c(f) = -2*f**2 + 2793*f - 19552. Give c(7).
-99
Let k(b) = -6*b**2 + 4076*b - 24267. Give k(6).
-27
Let r(h) = 43391*h + 2126167. Calculate r(-49).
8
Let k(d) = 4*d**3 + 55*d**2 + 44*d - 1. Determine k(-13).
-66
Let v(k) = 1279*k + 73157. Give v(-56).
1533
Let t(y) = -4*y**2 - 677*y + 24047. Calculate t(-200).
-553
Let d(t) = -t**2 + 15*t - 147. Calculate d(14).
-133
Let a(k) = k**2 - 199*k + 2495. Determine a(12).
251
Let p(b) = -2*b**3 + 216*b**2 + 916*b - 2124. Calculate p(112).
116
Let v(f) = 19*f**2 + 996*f - 322. What is v(-55)?
2373
Let w(o) = 13*o**2 + 2450*o + 24201. Give w(-178).
-7
Let k(v) = -2*v**3 + 104*v**2 - 190*v - 128. What is k(50)?
372
Let a(u) = -2*u**3 + 784*u**2 - 1179*u + 155252. Determine a(391).
25
Let x(a) = 535*a**2 - 3391*a - 2475. Determine x(7).
3
Let v(q) = 18*q**2 + 534*q + 1074. Give v(-2).
78
Let o(w) = -2*w**3 + 6*w**2 + 672*w + 4560. Give o(-7).
836
Let s(z) = -2*z**3 - 722*z**2 - 19*z - 268966. Determine s(-362).
0
Let u(z) = -33*z**3 + 1351*z**2 + 49*z + 1362. Calculate u(41).
9
Let m(t) = 3*t**3 + 11*t**2 + 1588*t + 7931. Calculate m(-5).
-109
Let a(p) = -4*p**2 + 57*p + 6538. Determine a(-34).
-24
Let v(t) = 3*t**3 - 699*t**2 + 2073*t - 719. What is v(230)?
-29
Let y(b) = b**2 + 17*b - 176. Determine y(-19).
-138
Let t(x) = -43*x**3 + 42*x**2 - 117*x - 35. Calculate t(3).
-1169
Let q(u) = 14*u**2 - 610*u + 2230. Give q(40).
230
Let a(j) = 84*j - 120. Calculate a(-7).
-708
Let z(b) = -1273*b + 1918402. Calculate z(1507).
-9
Let y(c) = -c**2 - 397*c - 14981. Determine y(-47).
1469
Let t(q) = -373*q**2 + 11536*q + 837. What is t(31)?
0
Let t(s) = -6*s**3 + 5*s**2 + 27*s - 188. Calculate t(6).
-1142
Let y(p) = 5199*p - 442015. Calculate y(85).
-100
Let b(f) = -70620*f - 141204. Calculate b(-2).
36
Let m(w) = -199791*w - 4994779. Calculate m(-25).
-4
Let l(z) = 38*z**2 + 113*z - 1410. Determine l(-14).
4456
Let d(f) = 7861*f - 4732359. Determine d(602).
-37
Let w(s) = s**2 + 16755*s + 518404. Determine w(-31).
-40
Let a(r) = 6*r**2 + 163*r + 19. Give a(-33).
1174
Let g(o) = 13887*o - 2110825. Give g(152).
-1
Let s(v) = v**3 - 323*v**2 - 12140*v + 713. What is s(357)?
-1
Let o(r) = 2*r**3 - 3753*r**2 - 5755*r + 227219. Calculate o(1878).
-19
Let v(o) = o**3 + 215*o**2 - 467*o - 7368. Give v(-217).
-207
Let t(u) = -32*u**3 - 5*u**2 - 56*u - 120. What is t(-3)?
867
Let m(t) = -730*t - 194096. Give m(-266).
84
Let m(f) = 2*f**3 - 89*f**2 + 102*f + 1141. Give m(43).
-20
Let l(o) = -11169*o + 256884. Determine l(23).
-3
Let q(a) = a**3 - 4*a**2 + 14*a + 1173. Determine q(-9).
-6
Let x(o) = -2*o**2 + 238*o - 5378. Calculate x(92).
-410
Let v(f) = 5966*f + 71487. What is v(-12)?
-105
Let b(r) = -35495*r + 212955. What is b(6)?
-15
Let g(x) = 42580*x + 5577973. Determine g(-131).
-7
Let t(n) = -6*n**3 + 93*n**2 + 31*n + 65. Determine t(16).
-207
Let c(f) = f**3 - 5*f**2 - 329*f + 20. Determine c(0).
20
Let x(o) = -327*o + 20188. What is x(62)?
-86
Let x(k) = 97*k**2 + 31446*k + 5839. Give x(-324).
7
Let s(v) = -877*v - 2076. Calculate s(2).
-3830
Let o(d) = -598*d**2 + 3555*d + 196. Calculate o(6).
-2
Let a(u) = -u**3 + 125*u**2 + 2101*u - 89. Calculate a(-15).
-104
Let j(m) = 17*m - 2420. Calculate j(52).
-1536
Let z(q) = -4*q**2 + 353*q + 4609. Calculate z(-12).
-203
Let a(k) = 47*k**3 - 35533*k**2 + 748*k + 6051. What is a(756)?
3
Let j(o) = 7905612*o - 9. Give j(0).
-9
Let l(y) = -848*y**2 + 4*y - 244. Calculate l(0).
-244
Let u(h) = 71*h - 3836. What is u(21)?
-2345
Let h(f) = -f**3 + 8*f**2 + 131*f - 1124. Calculate h(8).
-76
Let s(t) = -143*t**2 + 4158*t - 318. What is s(29)?
1
Let i(l) = 22*l**2 + 46*l - 719. Give i(5).
61
Let q(n) = -17791*n + 2935516. What is q(165)?
1
Let d(j) = j**3 - 63*j**2 - 1663*j + 311. Give d(83).
62
Let u(i) = -69*i**2 - 4776*i + 28702. Give u(6).
-2438
Let b(a) = -483*a + 533235. Determine b(1104).
3
Let c(x) = -x**3 - 55*x**2 + 243*x + 52. Calculate c(-59).
-361
Let g(p) = -311694*p - 623392. What is g(-2)?
-4
Let j(c) = c**3 - 16*c**2 - 282*c + 282. Calculate j(26).
-290
Let i(a) = 8152*a - 831507. Give i(102).
-3
Let q(s) = -2*s**2 - 247*s - 6021. Give q(-88).
227
Let y(u) = u**3 - 110*u**2 - 1369*u - 11587. Give y(122).
3
Let x(t) = 3284*t + 9635. Calculate x(-3).
-217
Let c